the remainder when x is divided by s(-5)?
0
Suppose 6*s - 4816 = -4576. What is the remainder when s is divided by 2?
0
Let a = -328 - -450. What is the remainder when a is divided by (-5 + 7)*41/2?
40
Let v(i) = 9*i - 2. Let m(s) = 17*s - 5. Let p(z) = 6*m(z) - 11*v(z). Let o = -58 + 62. Calculate the remainder when 7 is divided by p(o).
3
Suppose 0 = -17*o + 16*o - b + 413, 0 = -o + 2*b + 398. Calculate the remainder when o is divided by 10.
8
Let b(u) = 45*u. Let y be b(-4). Let q = -10 - -35. What is the remainder when ((-8)/(-5))/((-6)/y) is divided by q?
23
Let b(a) = -a**3 - 22*a**2 + 18*a - 80. Let l be (-14)/((-5)/(5/2)). Suppose -2*d - 45 = -l*d. Calculate the remainder when b(-23) is divided by d.
8
Let b = 94 + -63. Suppose g - 37 = -5*x - 2*g, 4*x - b = -g. Suppose -3*q - x + 88 = 4*z, 5*z = -5*q + 105. Calculate the remainder when 32 is divided by z.
15
Suppose -7*w - 21 = -m - 2*w, 0 = -2*w + 6. Let a = m - 6. Calculate the remainder when (118/(-6))/(48/(-9) + 5) is divided by a.
29
What is the remainder when 2/17 + (-69810)/(-510) is divided by 23?
22
Let p = -718 - -740. What is the remainder when 549 is divided by p?
21
Let u(o) = 6*o + 38. Calculate the remainder when 2053 is divided by u(-2).
25
Let h be (-5)/((-15)/13) + (-2)/6. Suppose -t = -2*s - 2 - 30, -h*t + 83 = s. What is the remainder when 40 is divided by t?
18
Let c(k) = k**2 + 17*k - 40. Let g be 40/(-5)*5/2. Calculate the remainder when 97 is divided by c(g).
17
Suppose 0 = -8*z + 141 - 29. Calculate the remainder when 41 is divided by z.
13
Let k = 114 - 79. What is the remainder when k is divided by 13?
9
Suppose -15*x + p + 436 = -10*x, -4*x - 4*p = -368. What is the remainder when x is divided by -21*6/(-9) - -1?
13
Suppose -3*n - 3 = 4*x - 2*x, -5*x = 5*n + 5. Let c be 2/(-4)*(-6 + 4). What is the remainder when (-13*1/c)/n is divided by 7?
6
Let f be 18/24 - (-977)/4. Let i = f + -157. Suppose 3*t - i = -4*w, -5*w - 3*t + 0*t = -110. Calculate the remainder when w is divided by 6.
4
Let y = -1 + 3. Let l be (-93)/2*(21 + -23). Suppose -l + 121 = 4*w. What is the remainder when w is divided by y?
1
Let c = 222 + -154. Let q = -11 + 2. Let b(n) = -3*n - 13. Calculate the remainder when c is divided by b(q).
12
Suppose 7 = 5*q - 28. Let o(c) = -c - 7. Let h be o(13). Let a = 23 + h. Calculate the remainder when q is divided by a.
1
Suppose 0 = 6*j - 5523 - 2319. Suppose 12*h = j - 23. Calculate the remainder when h is divided by 36.
35
Let m be (-7)/14*6/(-1). Let d = m - 10. Let a = 8 - d. What is the remainder when a is divided by 8?
7
Let i(a) = a**2 - 12*a - 3. Let o(c) = c**3 - 5*c**2 + 5*c - 7. Let k be o(4). What is the remainder when i(k) is divided by (2/4)/((-2)/(-44))?
9
Let k(d) = -21*d + 910. Let u = 8 - -2. Calculate the remainder when k(41) is divided by u.
9
Suppose m - 32 = 2*t, -3*m = 2*t - 4 - 60. Suppose 4*p = m + 16. Let o(x) = x + 11. Calculate the remainder when o(p) is divided by 12.
9
Suppose 5*v = 253 + 22. Suppose 6*l - 8*l = -30. Let h(w) = w + 13. Calculate the remainder when v is divided by h(l).
27
Suppose -4*b + 87 = 3*m + 8, 5*b = 5*m - 155. Let a = 439 + -390. Calculate the remainder when a is divided by m.
20
Let y(x) = 10*x + 9. Let v be y(-3). Let z(w) = -15*w - 1. Let l be z(-2). Let f = l - v. What is the remainder when f is divided by 13?
11
Let l(y) be the third derivative of 0*y - 3*y**2 + 0 + 0*y**4 + 1/120*y**6 + 1/60*y**5 + 23/2*y**3. What is the remainder when l(0) is divided by 14?
13
Calculate the remainder when 696/10*70/28 is divided by 25.
24
Let v = 57 - 23. Calculate the remainder when v is divided by 4.
2
Suppose -5*g + 1600 = 15*g. What is the remainder when 236 is divided by g?
76
Let t = 11 + -1. Suppose -t*c + 88 = -8*c. Calculate the remainder when 131 is divided by c.
43
Let w(b) = -2*b**3 + 2*b**2 + b + 20. Let n = 65 + -28. What is the remainder when n is divided by w(0)?
17
Suppose 15 = 3*o - 3. Suppose -o*f + 102 = -4*f. Let q = -36 + f. What is the remainder when 43 is divided by q?
13
Let i = 827 - 788. Suppose -o = 2*o - 18. What is the remainder when i is divided by o?
3
Suppose -3*r = -g - 65, 4*g = 2*r - 4*r + 62. Calculate the remainder when 204 is divided by r.
20
Let v = 51 + 36. What is the remainder when v is divided by 13?
9
Let k be 1 + -4 - (-2 - (1 + 0)). Suppose k = 5*n - 62 - 83. What is the remainder when n is divided by 6?
5
Let n(m) = m**3 - 6*m**2 + 4*m + 7. Suppose 8*j = 6*j - 16. Let x(v) = v**3 + 10*v**2 + 14*v - 11. Calculate the remainder when x(j) is divided by n(5).
1
Suppose -x - 5*l = -37 - 14, 0 = -3*l + 9. Calculate the remainder when 177 is divided by x.
33
Suppose 13 = 3*m + 2*c, 0 = -5*m - c + 3*c + 27. Suppose m*t + 10 - 31 = h, h + 3*t - 19 = 0. What is the remainder when 16 is divided by 8*1 + h + -6?
4
Let m(b) = b**3 + 13*b**2 + 27. Let v(l) = 2*l - 27. Let k be v(7). What is the remainder when m(k) is divided by 14?
13
Let a(u) = u + 4. Let f be a(0). Let w(h) = 24*h - 3*h**3 + f*h**3 - 34*h + 7 - 4*h**2. What is the remainder when 54 is divided by w(6)?
16
Suppose 11*w + 1223 - 5920 = 0. Calculate the remainder when w is divided by 89.
71
Let p(v) = -21*v - 12. Let u(s) = -7*s - 4. Let w(o) = 3*p(o) - 8*u(o). What is the remainder when w(-5) is divided by 17?
14
Let y(z) = -63*z - 15. Let v(d) = -21*d - 5. Let m(x) = -8*v(x) + 3*y(x). Let s = 31 - 16. What is the remainder when m(-3) is divided by s?
13
Suppose 0*v = -4*v + 8. What is the remainder when v - (-4)/(-1 - -5) is divided by 1?
0
Let d = -287 + 306. Calculate the remainder when d is divided by 4.
3
Let t(c) = -5*c - 41. Let h be t(-10). Suppose -5*i = -v - 4, i - h = -2*i. Calculate the remainder when 42 is divided by v.
9
Suppose 3*n = -0*t - t + 10, -4*n + 12 = 2*t. Suppose -n*i + h = 2*h - 134, 4*h = 3*i - 91. What is the remainder when 131 is divided by i?
32
Suppose 80*a + 11 = 81*a. What is the remainder when 16 is divided by a?
5
Suppose 2*d - 5*w = -0 + 114, 5*d - 304 = 3*w. Let p be 4/6*(-180)/8. Let h = d + p. Calculate the remainder when h is divided by 16.
15
Suppose 136 = 3*z - 5*z. Calculate the remainder when (z/(-12))/(3/27) is divided by 14.
9
Suppose 0 = 3*g - 143 - 136. What is the remainder when g is divided by 2800/600*(-24)/(-14)?
5
Calculate the remainder when ((-8)/8)/(14/(-2142)) is divided by 63.
27
Let w = 13 - 17. Let t(o) = 11*o + 16. Let m(a) = -5*a - 8. Let h(k) = w*t(k) - 7*m(k). What is the remainder when h(-6) is divided by 12?
10
Suppose 11*d - 5100 = -64*d. Calculate the remainder when d is divided by 16.
4
Let j = -249 - -694. What is the remainder when j is divided by 32?
29
Suppose -2*h + 66 = 4. Let z = 1857 - 1839. Calculate the remainder when h is divided by z.
13
Suppose 7*s - 95 = 2*s - n, -s + 5*n + 19 = 0. Let d be s/(-5) - (-1)/(-5). Let m(g) = -g**3 + 2*g - 3. Calculate the remainder when m(d) is divided by 18.
17
Let c(t) = -t**3 - t + 14. Let f be ((-2)/(-7))/(8/56). Suppose -w = f*w. Calculate the remainder when 27 is divided by c(w).
13
Let i = -23 + -19. Let h = i + 73. Suppose 2*g - 89 = -5*p - 2*g, -4*g + 4 = 0. Calculate the remainder when h is divided by p.
14
Let i(k) = 7 - 2 + 5 - 2 + 9*k - k**2. Calculate the remainder when -75*4/20*-2 is divided by i(9).
6
Let k = -549 + 630. Calculate the remainder when 200 is divided by k.
38
Let l be 1/((-42)/12*(-1)/7). Suppose 3*u = 5*k - 165, 2*k - l*u - 47 = 3*u. Calculate the remainder when 104 is divided by k.
32
Let k = 643 + -623. Suppose 0 = 5*t - 2*v - 20, 4*t - 4*v = 3 + 1. What is the remainder when k is divided by t?
2
Let r(c) = -c**2 + 15*c + 12. What is the remainder when r(10) is divided by 16?
14
Let y = 206 + -172. What is the remainder when y is divided by 9?
7
Let j be (-32)/(-6) - (-6)/9. Suppose -j*w + 148 = -380. Calculate the remainder when w is divided by 23.
19
Suppose 0*l = 37*l - 2257. Suppose 2*a + 1 - 17 = 0. Calculate the remainder when l is divided by a.
5
Let b be (-1)/((-1)/(-4)) - 12/(-4). Calculate the remainder when ((-94)/6)/(b/3) is divided by 26.
21
Let v be 42/(-112) - 518/(-16). Suppose 3*k + v = 11*k. Suppose -5*a + 50 = -5*l, 0 = -2*a - 0*a - 4*l + 44. Calculate the remainder when a is divided by k.
2
Let v = 72 + -73. Calculate the remainder when 